{"id":438,"date":"2020-04-07T12:47:56","date_gmt":"2020-04-07T12:47:56","guid":{"rendered":"https:\/\/ss-cg.org\/?page_id=438"},"modified":"2021-04-05T09:24:45","modified_gmt":"2021-04-05T09:24:45","slug":"organizacija-slijepih-cetinje","status":"publish","type":"page","link":"https:\/\/ss-cg.org\/?page_id=438","title":{"rendered":"Organizacija slijepih Cetinje"},"content":{"rendered":"<p><strong>ORGANIZACIJA SLIJEPIH CETINJE<\/strong><\/p>\n<p>&nbsp;<\/p>\n<p><strong>Organizacija slijepih Cetinje<\/strong> je osnovana <strong>11.04.1948. godine<\/strong>, kao prva organizacija u Crnoj Gori koja se bavila pitanjima slijepih i slabovidih osoba. Njen prvi predsjednik je bio <strong>Rade Sjeklo\u0107a<\/strong>, a kasnije <strong>Bla\u017eo Ma\u0161anovi\u0107,<\/strong> koji je bio nosilac spomenice u nekada\u0161njoj Jugoslaviji. Zatim, od 1965. godine, za predsjednicu Organizacije je izabrana <strong>Marija Vujovi\u0107<\/strong>. Za rad i doprinos u borbi za bolji polo\u017eaj slijepih i slabovidih osoba u dru\u0161tvu, 1978. godine predsjednica Organizacije dobija orden. Organizacija je do stupanja na snagu Zakona o NVO bila organizacija \u010diji je rad podr\u017eavala tada\u0161nja Op\u0161tina Cetinje (sada Prijestonica Cetinje), nakon \u010dega se mijenja na\u010din rada. Me\u0111utim, nedostatak sistemske podr\u0161ke nije sprije\u010dio Organizaciju da i dalje radi na svojim ciljevima i na promociji svojih vrijednosti, a za doprinos gradu i polo\u017eaju slijepih i slabovidih osoba na Cetinju Organizacija dobija najve\u0107e gradsko priznanje <strong>,,Trinaestonovembarsku nagradu&#8221;<\/strong>.<\/p>\n","protected":false},"excerpt":{"rendered":"<p>ORGANIZACIJA SLIJEPIH CETINJE &nbsp; Organizacija slijepih Cetinje je osnovana 11.04.1948. godine, kao prva organizacija u Crnoj Gori koja se bavila pitanjima slijepih i slabovidih osoba.&#8230;<\/p>\n<div class=\"more-link-wrapper\"><a class=\"more-link\" href=\"https:\/\/ss-cg.org\/?page_id=438\">Op\u0161irnije<span class=\"screen-reader-text\">Organizacija slijepih Cetinje<\/span><\/a><\/div>\n","protected":false},"author":1,"featured_media":0,"parent":198,"menu_order":0,"comment_status":"closed","ping_status":"closed","template":"","meta":{"footnotes":""},"class_list":["post-438","page","type-page","status-publish","hentry","ratio-2-1","entry"],"_links":{"self":[{"href":"https:\/\/ss-cg.org\/index.php?rest_route=\/wp\/v2\/pages\/438","targetHints":{"allow":["GET"]}}],"collection":[{"href":"https:\/\/ss-cg.org\/index.php?rest_route=\/wp\/v2\/pages"}],"about":[{"href":"https:\/\/ss-cg.org\/index.php?rest_route=\/wp\/v2\/types\/page"}],"author":[{"embeddable":true,"href":"https:\/\/ss-cg.org\/index.php?rest_route=\/wp\/v2\/users\/1"}],"replies":[{"embeddable":true,"href":"https:\/\/ss-cg.org\/index.php?rest_route=%2Fwp%2Fv2%2Fcomments&post=438"}],"version-history":[{"count":2,"href":"https:\/\/ss-cg.org\/index.php?rest_route=\/wp\/v2\/pages\/438\/revisions"}],"predecessor-version":[{"id":2383,"href":"https:\/\/ss-cg.org\/index.php?rest_route=\/wp\/v2\/pages\/438\/revisions\/2383"}],"up":[{"embeddable":true,"href":"https:\/\/ss-cg.org\/index.php?rest_route=\/wp\/v2\/pages\/198"}],"wp:attachment":[{"href":"https:\/\/ss-cg.org\/index.php?rest_route=%2Fwp%2Fv2%2Fmedia&parent=438"}],"curies":[{"name":"wp","href":"https:\/\/api.w.org\/{rel}","templated":true}]}}